18. Calculate h(48).
14
Let c(n) = -182*n + 12920. Give c(71).
-2
Let j(t) = t**3 - 30*t**2 + 228*t - 363. What is j(19)?
-2
Let s(j) = -55*j**2 + 271*j + 24. Give s(5).
4
Let a(r) = -3*r**3 + 37*r**2 + 8*r + 2. Determine a(13).
-232
Let n(o) = o**3 + 19*o**2 + 19*o - 13. Calculate n(-18).
-31
Let q(f) = 2*f**3 + 80*f**2 + 603*f + 84. Give q(-30).
-6
Let t(c) = -c**3 - 7*c**2 + 10*c - 40. What is t(-8)?
-56
Let k(u) = -u**3 + 12*u**2 - u - 22. Determine k(5).
148
Let n(d) = 9*d**2 - 208*d - 95. What is n(22)?
-315
Let w(g) = -5*g**2 - 272*g + 543. Calculate w(2).
-21
Let s(f) = -f**3 - 3*f**2 + 10*f - 44. Calculate s(-7).
82
Let u(h) = 14*h**2 + 1842*h - 2661. What is u(-133)?
-1
Let x(u) = 6*u - 94. Give x(23).
44
Let r(f) = -2*f**2 + 57*f + 378. What is r(-6)?
-36
Let h(q) = q**3 + 9*q - 19. Calculate h(2).
7
Let i(u) = -458*u - 909. Calculate i(-2).
7
Let i(n) = n**2 - 47*n + 397. Give i(36).
1
Let w(d) = -d**3 - 53*d**2 + 90*d + 19. Calculate w(2).
-21
Let p(x) = -2*x**2 - 13*x - 68. Calculate p(9).
-347
Let o(q) = -q**2 - 70*q + 1270. What is o(-84)?
94
Let p(y) = 9*y**3 - 117*y**2 + 28*y - 371. What is p(13)?
-7
Let y(n) = -34*n**2 - 31*n - 30. Determine y(-1).
-33
Let k(c) = 26*c + 198. Determine k(-8).
-10
Let u(f) = -f**3 + 4*f**2 - 25*f + 76. Determine u(3).
10
Let k(o) = 1062*o + 1051. What is k(-1)?
-11
Let g(s) = -s**2 - 44*s - 130. Determine g(-41).
-7
Let s(f) = -f**2 - 88*f - 1688. Give s(-19).
-377
Let u(q) = 998*q + 4992. Calculate u(-5).
2
Let j(c) = -524*c - 31447. Calculate j(-60).
-7
Let z(m) = -6*m**3 - 6*m + 12. Determine z(3).
-168
Let b(h) = h**3 - 8*h**2 + 11*h - 74. Determine b(8).
14
Let d(i) = 7*i**2 - 34*i + 26. Give d(4).
2
Let c(f) = f**3 + 369*f**2 - 2255*f + 5. Determine c(6).
-25
Let r(l) = 21*l + 25. What is r(-1)?
4
Let j(d) = -d**3 - 4*d**2 + 74*d + 146. Give j(-2).
-10
Let s(y) = 143*y - 940. Give s(7).
61
Let f(x) = 27*x + 449. Determine f(10).
719
Let i(o) = 58*o + 710. Calculate i(-12).
14
Let t(m) = -107*m**2 - 32*m + 60. Give t(2).
-432
Let x(z) = 32*z + 2022. Give x(-63).
6
Let m(y) = 2*y**3 - 6*y**2 - 13*y + 13. What is m(5)?
48
Let f(m) = 7*m**2 - 20*m + 108. Determine f(9).
495
Let s(l) = -14*l + 32. Calculate s(30).
-388
Let s(r) = -r**3 - 70*r**2 - 88*r - 454. Calculate s(-69).
857
Let j(u) = u**2 - 58*u - 298. What is j(63)?
17
Let g(f) = -f**3 + 6*f**2 - 4. What is g(5)?
21
Let j(z) = -z**3 - 62*z**2 + 58*z - 313. What is j(-63)?
2
Let a(u) = u**3 + 16*u**2 + 48*u - 94. Determine a(-11).
-17
Let w(s) = s**3 + 3*s**2 - 56. Determine w(-6).
-164
Let k(x) = x**2 + 201*x - 3470. Determine k(16).
2
Let n(t) = -t**2 - 43*t + 245. Give n(0).
245
Let x(r) = -6*r**3 - 2*r**2 - 27*r + 60. Calculate x(2).
-50
Let m(v) = -370*v - 5209. What is m(-14)?
-29
Let b(s) = s**3 + 8*s**2 + 23*s + 21. Calculate b(-4).
-7
Let p(d) = d**3 - 52*d**2 + 452*d - 27. Calculate p(11).
-16
Let o(q) = -22*q + 220. What is o(6)?
88
Let z(p) = 11*p + 966. Determine z(-76).
130
Let k(j) = 877*j - 2701. Determine k(3).
-70
Let f(o) = 2232*o + 4472. Give f(-2).
8
Let a(l) = -l**3 + 10*l**2 + 605*l - 133. Determine a(30).
17
Let t(r) = 9*r**3 + 76*r**2 - 11*r + 12. Determine t(-9).
-294
Let k(n) = -4*n**3 - 170*n**2 + 81*n - 33. What is k(-43)?
182
Let n(v) = 5*v**2 - 18*v - 6. Calculate n(4).
2
Let c(s) = -8*s**2 + 99*s - 6. Determine c(5).
289
Let z(o) = -2*o**3 + 65*o**2 - 44*o - 61. What is z(32)?
-445
Let l(a) = 3*a**2 + 32*a - 10. Determine l(-7).
-87
Let n(h) = -11*h**2 + 24*h - 2. What is n(2)?
2
Let k(s) = 2*s**2 - 7*s - 55. What is k(13)?
192
Let s(q) = -503*q**3 - 3*q**2 + 2*q + 3. Give s(1).
-501
Let o(w) = -229*w - 7800. Determine o(-34).
-14
Let s(v) = -v**2 + v + 64. Give s(-11).
-68
Let c(l) = 358*l - 5403. Give c(15).
-33
Let w(j) = j**3 + 125*j**2 + 3887*j + 64. Determine w(-67).
-3
Let z(j) = -j**3 + 6*j**2 + 108*j - 543. Give z(5).
22
Let b(y) = 31*y + 19. Determine b(-3).
-74
Let c(g) = 100*g + 3. Give c(3).
303
Let a(g) = g**3 - 5*g**2 - 70*g - 9. What is a(-6)?
15
Let n(k) = -99*k - 524. Determine n(-6).
70
Let y(i) = -i**2 - i - 102. Calculate y(-11).
-212
Let h(n) = 1272*n + 97941. What is h(-77)?
-3
Let z(v) = 11*v**2 + 19*v - 42. Calculate z(2).
40
Let y(o) = o**3 + 84*o**2 - 168*o - 199. Give y(-86).
-543
Let t(d) = 16*d - 1372. Determine t(80).
-92
Let t(g) = -g**2 + 6*g - 1. Give t(22).
-353
Let v(l) = -l**2 - 31*l + 340. Calculate v(9).
-20
Let w(q) = 15*q + 838. Determine w(-50).
88
Let y(v) = 7*v - 35. Give y(2).
-21
Let s(h) = -501*h - 2489. Calculate s(-5).
16
Let u(m) = -m**3 - 10*m**2 - 8*m - 16. Determine u(-9).
-25
Let i(u) = 11*u**3 - 508*u**2 + 89*u + 142. What is i(46)?
4
Let u(b) = -11*b + 109. Give u(10).
-1
Let x(t) = 6018*t + 66203. Determine x(-11).
5
Let t(i) = 3*i**2 + 66*i + 344. Give t(-14).
8
Let o(l) = -2*l**3 + 2*l**2 - 7*l + 40. Give o(-5).
375
Let m(n) = 98*n - 485. Determine m(5).
5
Let m(h) = 12*h**2 + 25*h - 167. Give m(6).
415
Let b(g) = 6*g**2 + 7*g + 11. Determine b(-5).
126
Let n(w) = 15864*w + 15863. Calculate n(-1).
-1
Let k(i) = -i**2 + 62*i - 4. Give k(61).
57
Let f(s) = -s**2 - 24*s - 109. Calculate f(-9).
26
Let o(i) = -2*i**3 - 378*i**2 + 767*i + 567. What is o(-191)?
-6
Let t(h) = -18*h**2 + 354*h - 220. What is t(19)?
8
Let x(h) = -764*h + 759. Give x(1).
-5
Let a(f) = 268*f + 31897. Calculate a(-119).
5
Let j(x) = 11998*x + 119991. Calculate j(-10).
11
Let t(i) = 20*i**2 + 7*i + 7. What is t(-8)?
1231
Let a(d) = -8*d**2 - 755*d - 282. Calculate a(-94).
0
Let j(u) = 5*u**3 + 7*u**2 - 13*u - 52. Give j(-4).
-208
Let j(f) = 76*f - 1172. Give j(20).
348
Let r(s) = -s**3 + 44*s**2 + 295*s + 267. Calculate r(50).
17
Let h(f) = -411*f + 1234. What is h(3)?
1
Let r(n) = -4*n**3 + 10*n**2 + 41*n - 2. Calculate r(-4).
250
Let u(g) = -543*g + 7062. Determine u(13).
3
Let x(n) = -2*n**2 + 265*n - 4127. Give x(18).
-5
Let u(q) = 43*q**2 + 168*q - 15. What is u(-4)?
1
Let o(w) = w**3 - 9*w**2 + 157*w - 1007. Determine o(7).
-6
Let k(t) = 5115*t - 25602. Determine k(5).
-27
Let n(c) = -c**2 + 91*c - 583. Calculate n(7).
5
Let c(l) = 71*l + 209. What is c(-3)?
-4
Let q(x) = -16*x + 143. Calculate q(-16).
399
Let m(p) = p**3 + 14*p**2 + 19*p + 82. Calculate m(-13).
4
Let p(s) = -s**3 - 77*s**2 - 76*s + 178. Determine p(-76).
178
Let x(o) = -1239*o + 198247. Give x(160).
7
Let t(h) = -h**2 + 98*h + 2646. Calculate t(120).
6
Let t(q) = -3*q**3 + q**2 + 43*q + 8. Give t(-5).
193
Let v(h) = 17*h + 507. Determine v(-30).
-3
Let q(c) = -2*c**3 + 106*c**2 + 706*c + 260. Determine q(59).
142
Let d(i) = 34*i**2 + 78*i - 78. Give d(1).
34
Let c(u) = 61*u**2 - 12*u + 7. Determine c(3).
520
Let m(w) = -40*w**3 - 8*w**2 - 12*w - 5. Give m(-1).
39
Let i(a) = -a**2 - 6*a - 27. Determine i(-17).
-214
Let f(a) = a**3 + 4*a**2 + 5*a - 10. Determine f(0).
-10
Let u(s) = s**3 - 12*s**2 + 4*s - 77. What is u(8)?
-301
Let c(p) = -67*p - 474. Determine c(-7).
-5
Let k(t) = 64*t**2 + 3075*t + 139. Give k(-48).
-5
Let q(c) = 145*c + 26385. Give q(-182).
-5
Let v(o) = 3*o**3 + 9*o**2 - 10*o + 5. Give v(-5).
-95
Let h(s) = 5*s**2 + 51*s + 74. Give h(-8).
-14
Let q(j) = -j**2 - 5045*j - 15133. Give q(-3).
-7
Let o(z) = z**3 - 56*z**2 - 4*z + 277. What is o(56)?
53
Let a(l) = 6689*l - 20065. Determine a(3).
2
Let x(o) = 109*o + 7851. Calculate x(-72).
3
Let x(t) = -3*t**3 + 67*t**2 + 37*t + 200. What is x(23)?
-7
Let s(t) = 33*t + 354. Calculate s(-23).
-405
Let j(n) = -37*n - 1883. Calculate j(-50).
-33
Let u(s) = -3*s**2 - 57*s + 115. Give u(-21).
-11
Let r(x) = 153*x - 1152. Give r(8).
72
Let a(p) = p**2 - 13*p + 44. Determine a(5).
4
Let c(i) = i**3 - 36*i**2 - 41*i - 12. Determine c(37).
-160
Let y(f) = -8*f - 409. Determine y(-50).
-9
Let d(f) = 3*f**3 - 127*f**2 + 41*f - 12. Calculate d(42).
-54
Let m(q) = q**3 - 17*q**2 + 37*q + 9. What is m(14)?
-61
Let u(n) = -5*n - 312. What is u(-54)?
-42
Let t(a) = 2*a + 307. Give t(-56).
195
Let y(m) = -1812*m + 41654. Give y(23).
-22
Let t(f) = 80*f + 11871. What is t(-149)?
-49
Let s(c) = c**3 + 17*c**2 - 103*c + 46. Determine s(-22).
-108
Let g(h) = -3*h**2 + 221*h + 250. Determine g(75).
-50
Let a(p) = -10*p**2 - 552*p + 554. Give a(1).
-8
Let o(a) = 83*a + 1052. Calculate o(-12).
56
Let q(s) = -38*s + 3466. Determine q(93).
-68
Let s(d) = -11*d